{"id":24,"date":"2018-03-06T17:44:11","date_gmt":"2018-03-06T17:44:11","guid":{"rendered":"http:\/\/baraoequipamentos.com.br\/barao\/?page_id=24"},"modified":"2018-06-28T18:21:45","modified_gmt":"2018-06-28T18:21:45","slug":"a-empresa","status":"publish","type":"page","link":"http:\/\/baraoequipamentos.com.br\/barao\/a-empresa\/","title":{"rendered":"A Empresa"},"content":{"rendered":"<p>A Bar\u00e3o Equipamentos Especiais desde sua funda\u00e7\u00e3o em abril de 1988, \u00e9 uma empresa que trabalha com venda e aluguel de equipamentos direcionados para as necessidades individuais dos portadores de defici\u00eancia, para que possam participar mais ativamente da vida profissional, esportiva e social.<\/p>\n<p>Atualmente os clientes est\u00e3o muito mais conscientes e exigentes, buscando solu\u00e7\u00f5es e n\u00e3o apenas o produto, j\u00e1 que o mercado vem sofrendo mudan\u00e7as muito r\u00e1pidas, exigindo das empresas que acompanhem estas mudan\u00e7as.<\/p>\n<p>Com dedica\u00e7\u00e3o e seriedade oferecemos produtos produzidos dentro da mais perfeita t\u00e9cnica na \u00e1rea da ortopedia, com atendimento especializado e diferenciado desde a inf\u00e2ncia at\u00e9 os idosos.<\/p>\n<p>Prestamos tamb\u00e9m servi\u00e7os de assist\u00eancia t\u00e9cnica e fornecemos para cl\u00ednicas, hospitais.<\/p>\n<p>Fa\u00e7a contato e conhe\u00e7a as nossas lojas Catete e Barra.<\/p>\n","protected":false},"excerpt":{"rendered":"<p>A Bar\u00e3o Equipamentos Especiais desde sua funda\u00e7\u00e3o em abril de 1988, \u00e9 uma empresa que trabalha com venda e aluguel de equipamentos direcionados para as necessidades individuais dos portadores de defici\u00eancia, para que possam participar mais ativamente da vida profissional, esportiva e social. Atualmente os clientes est\u00e3o muito mais conscientes e exigentes, buscando solu\u00e7\u00f5es e [&hellip;]<\/p>\n","protected":false},"author":1,"featured_media":0,"parent":0,"menu_order":0,"comment_status":"closed","ping_status":"closed","template":"","meta":{"footnotes":""},"_links":{"self":[{"href":"http:\/\/baraoequipamentos.com.br\/barao\/wp-json\/wp\/v2\/pages\/24"}],"collection":[{"href":"http:\/\/baraoequipamentos.com.br\/barao\/wp-json\/wp\/v2\/pages"}],"about":[{"href":"http:\/\/baraoequipamentos.com.br\/barao\/wp-json\/wp\/v2\/types\/page"}],"author":[{"embeddable":true,"href":"http:\/\/baraoequipamentos.com.br\/barao\/wp-json\/wp\/v2\/users\/1"}],"replies":[{"embeddable":true,"href":"http:\/\/baraoequipamentos.com.br\/barao\/wp-json\/wp\/v2\/comments?post=24"}],"version-history":[{"count":2,"href":"http:\/\/baraoequipamentos.com.br\/barao\/wp-json\/wp\/v2\/pages\/24\/revisions"}],"predecessor-version":[{"id":704,"href":"http:\/\/baraoequipamentos.com.br\/barao\/wp-json\/wp\/v2\/pages\/24\/revisions\/704"}],"wp:attachment":[{"href":"http:\/\/baraoequipamentos.com.br\/barao\/wp-json\/wp\/v2\/media?parent=24"}],"curies":[{"name":"wp","href":"https:\/\/api.w.org\/{rel}","templated":true}]}}

<p>A Barão Equipamentos Especiais desde sua fundação em abril de 1988, é uma empresa que trabalha com venda e aluguel de equipamentos direcionados para as necessidades individuais dos portadores de deficiência, para que possam participar mais ativamente da vida profissional, esportiva e social.</p>
<p>Atualmente os clientes estão muito mais conscientes e exigentes, buscando soluções e não apenas o produto, já que o mercado vem sofrendo mudanças muito rápidas, exigindo das empresas que acompanhem estas mudanças.</p>
<p>Com dedicação e seriedade oferecemos produtos produzidos dentro da mais perfeita técnica na área da ortopedia, com atendimento especializado e diferenciado desde a infância até os idosos.</p>
<p>Prestamos também serviços de assistência técnica e fornecemos para clínicas, hospitais.</p>
<p>Faça contato e conheça as nossas lojas Catete e Barra.</p>

<p>A Barão Equipamentos Especiais desde sua fundação em abril de 1988, é uma empresa que trabalha com venda e aluguel de equipamentos direcionados para as necessidades individuais dos portadores de deficiência, para que possam participar mais ativamente da vida profissional, esportiva e social. Atualmente os clientes estão muito mais conscientes e exigentes, buscando soluções e [&hellip;]</p>
