{"id":172,"date":"2018-03-07T18:18:03","date_gmt":"2018-03-07T18:18:03","guid":{"rendered":"http:\/\/baraoequipamentos.com.br\/barao\/?post_type=product&#038;p=172"},"modified":"2018-03-09T17:53:48","modified_gmt":"2018-03-09T17:53:48","slug":"almofada-king-redonda","status":"publish","type":"product","link":"http:\/\/baraoequipamentos.com.br\/barao\/produto\/almofada-king-redonda\/","title":{"rendered":"Almofada King Redonda"},"content":{"rendered":"<p>N\u00facleo: L\u00e1tex Natural pr\u00e9-formado (n\u00facleo compensado).<br \/>\nCapa externa com z\u00edper<br \/>\nTecido: VISCO LYCRA (95%viscose \/5% elastano).<\/p>\n","protected":false},"excerpt":{"rendered":"<p>N\u00facleo: L\u00e1tex Natural pr\u00e9-formado (n\u00facleo compensado)<\/p>\n","protected":false},"featured_media":173,"comment_status":"closed","ping_status":"closed","template":"","meta":[],"_links":{"self":[{"href":"http:\/\/baraoequipamentos.com.br\/barao\/wp-json\/wp\/v2\/product\/172"}],"collection":[{"href":"http:\/\/baraoequipamentos.com.br\/barao\/wp-json\/wp\/v2\/product"}],"about":[{"href":"http:\/\/baraoequipamentos.com.br\/barao\/wp-json\/wp\/v2\/types\/product"}],"replies":[{"embeddable":true,"href":"http:\/\/baraoequipamentos.com.br\/barao\/wp-json\/wp\/v2\/comments?post=172"}],"wp:featuredmedia":[{"embeddable":true,"href":"http:\/\/baraoequipamentos.com.br\/barao\/wp-json\/wp\/v2\/media\/173"}],"wp:attachment":[{"href":"http:\/\/baraoequipamentos.com.br\/barao\/wp-json\/wp\/v2\/media?parent=172"}],"curies":[{"name":"wp","href":"https:\/\/api.w.org\/{rel}","templated":true}]}}

<p>Núcleo: Látex Natural pré-formado (núcleo compensado).<br />
Capa externa com zíper<br />
Tecido: VISCO LYCRA (95%viscose /5% elastano).</p>

<p>Núcleo: Látex Natural pré-formado (núcleo compensado)</p>
