{"id":176,"date":"2018-03-07T18:21:25","date_gmt":"2018-03-07T18:21:25","guid":{"rendered":"http:\/\/baraoequipamentos.com.br\/barao\/?post_type=product&#038;p=176"},"modified":"2018-03-09T17:53:36","modified_gmt":"2018-03-09T17:53:36","slug":"almofada-para-pescoco-atoalhada","status":"publish","type":"product","link":"http:\/\/baraoequipamentos.com.br\/barao\/produto\/almofada-para-pescoco-atoalhada\/","title":{"rendered":"Almofada Para Pesco\u00e7o Atoalhada"},"content":{"rendered":"<p>Possui capa atoalhada Soft com z\u00edper e de f\u00e1cil higieniza\u00e7\u00e3o.<br \/>\nMat\u00e9ria-prima: L\u00e1tex 100% natural.<br \/>\nAnti-\u00e1caros.<br \/>\nN\u00e3o aquece.<br \/>\nN\u00e3o deforma.<br \/>\nOferece o m\u00e1ximo suporte.<\/p>\n","protected":false},"excerpt":{"rendered":"<p>Possui capa atoalhada Soft com z\u00edper e de f\u00e1cil higieniza\u00e7\u00e3o.<\/p>\n","protected":false},"featured_media":177,"comment_status":"closed","ping_status":"closed","template":"","meta":[],"_links":{"self":[{"href":"http:\/\/baraoequipamentos.com.br\/barao\/wp-json\/wp\/v2\/product\/176"}],"collection":[{"href":"http:\/\/baraoequipamentos.com.br\/barao\/wp-json\/wp\/v2\/product"}],"about":[{"href":"http:\/\/baraoequipamentos.com.br\/barao\/wp-json\/wp\/v2\/types\/product"}],"replies":[{"embeddable":true,"href":"http:\/\/baraoequipamentos.com.br\/barao\/wp-json\/wp\/v2\/comments?post=176"}],"wp:featuredmedia":[{"embeddable":true,"href":"http:\/\/baraoequipamentos.com.br\/barao\/wp-json\/wp\/v2\/media\/177"}],"wp:attachment":[{"href":"http:\/\/baraoequipamentos.com.br\/barao\/wp-json\/wp\/v2\/media?parent=176"}],"curies":[{"name":"wp","href":"https:\/\/api.w.org\/{rel}","templated":true}]}}