{"id":180,"date":"2018-03-07T18:24:50","date_gmt":"2018-03-07T18:24:50","guid":{"rendered":"http:\/\/baraoequipamentos.com.br\/barao\/?post_type=product&#038;p=180"},"modified":"2018-03-09T17:53:25","modified_gmt":"2018-03-09T17:53:25","slug":"almofada-especial-protetor-coccix","status":"publish","type":"product","link":"http:\/\/baraoequipamentos.com.br\/barao\/produto\/almofada-especial-protetor-coccix\/","title":{"rendered":"Almofada Especial Protetor C\u00f3ccix"},"content":{"rendered":"<p>Formato anat\u00f4mico com curvatura no assento e recorte na parte traseira.<br \/>\nProporciona maior conforto em longos per\u00edodos sentado.<br \/>\nDiminui a press\u00e3o em \u00e1reas sens\u00edveis.<br \/>\nEspuma 100% L\u00e1tex de Poliuretano.<br \/>\n Capa em plush, com z\u00edper, remov\u00edvel e lav\u00e1vel.<\/p>\n","protected":false},"excerpt":{"rendered":"<p>Formato anat\u00f4mico com curvatura no assento e recorte na parte traseira.<br \/>\nProporciona maior conforto em longos per\u00edodos sentado.<\/p>\n","protected":false},"featured_media":181,"comment_status":"closed","ping_status":"closed","template":"","meta":[],"_links":{"self":[{"href":"http:\/\/baraoequipamentos.com.br\/barao\/wp-json\/wp\/v2\/product\/180"}],"collection":[{"href":"http:\/\/baraoequipamentos.com.br\/barao\/wp-json\/wp\/v2\/product"}],"about":[{"href":"http:\/\/baraoequipamentos.com.br\/barao\/wp-json\/wp\/v2\/types\/product"}],"replies":[{"embeddable":true,"href":"http:\/\/baraoequipamentos.com.br\/barao\/wp-json\/wp\/v2\/comments?post=180"}],"wp:featuredmedia":[{"embeddable":true,"href":"http:\/\/baraoequipamentos.com.br\/barao\/wp-json\/wp\/v2\/media\/181"}],"wp:attachment":[{"href":"http:\/\/baraoequipamentos.com.br\/barao\/wp-json\/wp\/v2\/media?parent=180"}],"curies":[{"name":"wp","href":"https:\/\/api.w.org\/{rel}","templated":true}]}}

Almofada Especial Protetor Cóccix

<p>Formato anatômico com curvatura no assento e recorte na parte traseira.<br />
Proporciona maior conforto em longos períodos sentado.<br />
Diminui a pressão em áreas sensíveis.<br />
Espuma 100% Látex de Poliuretano.<br />
 Capa em plush, com zíper, removível e lavável.</p>

<p>Formato anatômico com curvatura no assento e recorte na parte traseira.<br />
Proporciona maior conforto em longos períodos sentado.</p>
