{"id":182,"date":"2018-03-07T18:26:47","date_gmt":"2018-03-07T18:26:47","guid":{"rendered":"http:\/\/baraoequipamentos.com.br\/barao\/?post_type=product&#038;p=182"},"modified":"2018-03-09T17:53:15","modified_gmt":"2018-03-09T17:53:15","slug":"almofada-quadrada-com-orificio","status":"publish","type":"product","link":"http:\/\/baraoequipamentos.com.br\/barao\/produto\/almofada-quadrada-com-orificio\/","title":{"rendered":"Almofada Quadrada com Orif\u00edcio"},"content":{"rendered":"<p>Proporciona al\u00edvio de press\u00e3o em \u00e1reas sens\u00edveis.<br \/>\nMaior conforto em longos per\u00edodos sentado.<br \/>\nFormato quadrado e capa em forma de cartola oferecem m\u00e1xima discri\u00e7\u00e3o.<br \/>\nEspuma 100% L\u00e1tex de Poliuretano.<br \/>\nCapa 100% algod\u00e3o, com z\u00edper, remov\u00edvel e lav\u00e1vel.<\/p>\n","protected":false},"excerpt":{"rendered":"<p>Proporciona al\u00edvio de press\u00e3o em \u00e1reas sens\u00edveis.<br \/>\nMaior conforto em longos per\u00edodos sentado.<\/p>\n","protected":false},"featured_media":183,"comment_status":"closed","ping_status":"closed","template":"","meta":[],"_links":{"self":[{"href":"http:\/\/baraoequipamentos.com.br\/barao\/wp-json\/wp\/v2\/product\/182"}],"collection":[{"href":"http:\/\/baraoequipamentos.com.br\/barao\/wp-json\/wp\/v2\/product"}],"about":[{"href":"http:\/\/baraoequipamentos.com.br\/barao\/wp-json\/wp\/v2\/types\/product"}],"replies":[{"embeddable":true,"href":"http:\/\/baraoequipamentos.com.br\/barao\/wp-json\/wp\/v2\/comments?post=182"}],"wp:featuredmedia":[{"embeddable":true,"href":"http:\/\/baraoequipamentos.com.br\/barao\/wp-json\/wp\/v2\/media\/183"}],"wp:attachment":[{"href":"http:\/\/baraoequipamentos.com.br\/barao\/wp-json\/wp\/v2\/media?parent=182"}],"curies":[{"name":"wp","href":"https:\/\/api.w.org\/{rel}","templated":true}]}}

Almofada Quadrada com Orifício

<p>Proporciona alívio de pressão em áreas sensíveis.<br />
Maior conforto em longos períodos sentado.<br />
Formato quadrado e capa em forma de cartola oferecem máxima discrição.<br />
Espuma 100% Látex de Poliuretano.<br />
Capa 100% algodão, com zíper, removível e lavável.</p>

<p>Proporciona alívio de pressão em áreas sensíveis.<br />
Maior conforto em longos períodos sentado.</p>
