{"id":186,"date":"2018-03-07T18:30:09","date_gmt":"2018-03-07T18:30:09","guid":{"rendered":"http:\/\/baraoequipamentos.com.br\/barao\/?post_type=product&#038;p=186"},"modified":"2018-03-09T17:53:02","modified_gmt":"2018-03-09T17:53:02","slug":"almofada-para-viagem","status":"publish","type":"product","link":"http:\/\/baraoequipamentos.com.br\/barao\/produto\/almofada-para-viagem\/","title":{"rendered":"Almofada Para Viagem"},"content":{"rendered":"<p>N\u00facleo: L\u00e1tex natural pr\u00e9-formado.<br \/>\nCapa externa com z\u00edper.<br \/>\nTecido: VISCO LYCRA (95%viscose \/5% elastano).<\/p>\n","protected":false},"excerpt":{"rendered":"<p>N\u00facleo: L\u00e1tex natural pr\u00e9-formado.<\/p>\n","protected":false},"featured_media":187,"comment_status":"closed","ping_status":"closed","template":"","meta":[],"_links":{"self":[{"href":"http:\/\/baraoequipamentos.com.br\/barao\/wp-json\/wp\/v2\/product\/186"}],"collection":[{"href":"http:\/\/baraoequipamentos.com.br\/barao\/wp-json\/wp\/v2\/product"}],"about":[{"href":"http:\/\/baraoequipamentos.com.br\/barao\/wp-json\/wp\/v2\/types\/product"}],"replies":[{"embeddable":true,"href":"http:\/\/baraoequipamentos.com.br\/barao\/wp-json\/wp\/v2\/comments?post=186"}],"wp:featuredmedia":[{"embeddable":true,"href":"http:\/\/baraoequipamentos.com.br\/barao\/wp-json\/wp\/v2\/media\/187"}],"wp:attachment":[{"href":"http:\/\/baraoequipamentos.com.br\/barao\/wp-json\/wp\/v2\/media?parent=186"}],"curies":[{"name":"wp","href":"https:\/\/api.w.org\/{rel}","templated":true}]}}

<p>Núcleo: Látex natural pré-formado.<br />
Capa externa com zíper.<br />
Tecido: VISCO LYCRA (95%viscose /5% elastano).</p>

<p>Núcleo: Látex natural pré-formado.</p>
