{"id":194,"date":"2018-03-07T18:37:21","date_gmt":"2018-03-07T18:37:21","guid":{"rendered":"http:\/\/baraoequipamentos.com.br\/barao\/?post_type=product&#038;p=194"},"modified":"2018-03-09T17:52:35","modified_gmt":"2018-03-09T17:52:35","slug":"almofada-cunha-latex-adulto","status":"publish","type":"product","link":"http:\/\/baraoequipamentos.com.br\/barao\/produto\/almofada-cunha-latex-adulto\/","title":{"rendered":"Almofada Cunha Latex Adulto"},"content":{"rendered":"<p>Previne o retorno do \u00e1cido estomacal para o es\u00f4fago, laringe e faringe.<br \/>\nEvita tosse, rouquid\u00e3o, pigarro e dores de garganta decorrentes do refluxo.<br \/>\nFacilita o descanso na gravidez.<br \/>\nMelhora a respira\u00e7\u00e3o em casos leves de obstru\u00e7\u00e3o nasal.<br \/>\nBipartida, f\u00e1cil de transportar.<br \/>\nAcompanha capa remov\u00edvel e lav\u00e1vel.<\/p>\n","protected":false},"excerpt":{"rendered":"<p>Previne o retorno do \u00e1cido estomacal para o es\u00f4fago, laringe e faringe.<br \/>\nEvita tosse, rouquid\u00e3o, pigarro e dores de garganta decorrentes do refluxo.<\/p>\n","protected":false},"featured_media":195,"comment_status":"closed","ping_status":"closed","template":"","meta":[],"_links":{"self":[{"href":"http:\/\/baraoequipamentos.com.br\/barao\/wp-json\/wp\/v2\/product\/194"}],"collection":[{"href":"http:\/\/baraoequipamentos.com.br\/barao\/wp-json\/wp\/v2\/product"}],"about":[{"href":"http:\/\/baraoequipamentos.com.br\/barao\/wp-json\/wp\/v2\/types\/product"}],"replies":[{"embeddable":true,"href":"http:\/\/baraoequipamentos.com.br\/barao\/wp-json\/wp\/v2\/comments?post=194"}],"wp:featuredmedia":[{"embeddable":true,"href":"http:\/\/baraoequipamentos.com.br\/barao\/wp-json\/wp\/v2\/media\/195"}],"wp:attachment":[{"href":"http:\/\/baraoequipamentos.com.br\/barao\/wp-json\/wp\/v2\/media?parent=194"}],"curies":[{"name":"wp","href":"https:\/\/api.w.org\/{rel}","templated":true}]}}