{"id":210,"date":"2018-03-07T18:49:12","date_gmt":"2018-03-07T18:49:12","guid":{"rendered":"http:\/\/baraoequipamentos.com.br\/barao\/?post_type=product&#038;p=210"},"modified":"2018-03-09T17:50:59","modified_gmt":"2018-03-09T17:50:59","slug":"almofada-quadrada-duo-queem","status":"publish","type":"product","link":"http:\/\/baraoequipamentos.com.br\/barao\/produto\/almofada-quadrada-duo-queem\/","title":{"rendered":"Almofada Quadrada Duo Queem"},"content":{"rendered":"<p>N\u00facleo: PU viscoel\u00e1stico caixa de ovo + l\u00e1tex .<br \/>\nCapa externa com z\u00edper.<br \/>\nTecido visco lycra.<br \/>\nMem\u00f3ria inteligente.<\/p>\n","protected":false},"excerpt":{"rendered":"<p>Mem\u00f3ria inteligente.<\/p>\n","protected":false},"featured_media":211,"comment_status":"closed","ping_status":"closed","template":"","meta":[],"_links":{"self":[{"href":"http:\/\/baraoequipamentos.com.br\/barao\/wp-json\/wp\/v2\/product\/210"}],"collection":[{"href":"http:\/\/baraoequipamentos.com.br\/barao\/wp-json\/wp\/v2\/product"}],"about":[{"href":"http:\/\/baraoequipamentos.com.br\/barao\/wp-json\/wp\/v2\/types\/product"}],"replies":[{"embeddable":true,"href":"http:\/\/baraoequipamentos.com.br\/barao\/wp-json\/wp\/v2\/comments?post=210"}],"wp:featuredmedia":[{"embeddable":true,"href":"http:\/\/baraoequipamentos.com.br\/barao\/wp-json\/wp\/v2\/media\/211"}],"wp:attachment":[{"href":"http:\/\/baraoequipamentos.com.br\/barao\/wp-json\/wp\/v2\/media?parent=210"}],"curies":[{"name":"wp","href":"https:\/\/api.w.org\/{rel}","templated":true}]}}

<p>Núcleo: PU viscoelástico caixa de ovo + látex .<br />
Capa externa com zíper.<br />
Tecido visco lycra.<br />
Memória inteligente.</p>

<p>Memória inteligente.</p>
