{"id":214,"date":"2018-03-07T18:51:48","date_gmt":"2018-03-07T18:51:48","guid":{"rendered":"http:\/\/baraoequipamentos.com.br\/barao\/?post_type=product&#038;p=214"},"modified":"2018-03-09T17:50:08","modified_gmt":"2018-03-09T17:50:08","slug":"almofada-especial-confort-seat","status":"publish","type":"product","link":"http:\/\/baraoequipamentos.com.br\/barao\/produto\/almofada-especial-confort-seat\/","title":{"rendered":"Almofada Especial Confort Seat"},"content":{"rendered":"<p>Proporciona maior conforto em longos per\u00edodos sentado.<br \/>\nIdeal para utiliza\u00e7\u00e3o em cadeira de rodas, escrit\u00f3rio, carro ou casa.<br \/>\nForro protetor imperme\u00e1vel.<br \/>\n100% Viscoel\u00e1stico.<br \/>\nCapa em plush, com z\u00edper, remov\u00edvel e lav\u00e1vel.<\/p>\n","protected":false},"excerpt":{"rendered":"<p>Proporciona maior conforto em longos per\u00edodos sentado.<br \/>\nIdeal para utiliza\u00e7\u00e3o em cadeira de rodas, escrit\u00f3rio, carro ou casa.<\/p>\n","protected":false},"featured_media":215,"comment_status":"closed","ping_status":"closed","template":"","meta":[],"_links":{"self":[{"href":"http:\/\/baraoequipamentos.com.br\/barao\/wp-json\/wp\/v2\/product\/214"}],"collection":[{"href":"http:\/\/baraoequipamentos.com.br\/barao\/wp-json\/wp\/v2\/product"}],"about":[{"href":"http:\/\/baraoequipamentos.com.br\/barao\/wp-json\/wp\/v2\/types\/product"}],"replies":[{"embeddable":true,"href":"http:\/\/baraoequipamentos.com.br\/barao\/wp-json\/wp\/v2\/comments?post=214"}],"wp:featuredmedia":[{"embeddable":true,"href":"http:\/\/baraoequipamentos.com.br\/barao\/wp-json\/wp\/v2\/media\/215"}],"wp:attachment":[{"href":"http:\/\/baraoequipamentos.com.br\/barao\/wp-json\/wp\/v2\/media?parent=214"}],"curies":[{"name":"wp","href":"https:\/\/api.w.org\/{rel}","templated":true}]}}