{"id":216,"date":"2018-03-07T18:54:07","date_gmt":"2018-03-07T18:54:07","guid":{"rendered":"http:\/\/baraoequipamentos.com.br\/barao\/?post_type=product&#038;p=216"},"modified":"2018-03-09T17:50:02","modified_gmt":"2018-03-09T17:50:02","slug":"almofada-ergonomica","status":"publish","type":"product","link":"http:\/\/baraoequipamentos.com.br\/barao\/produto\/almofada-ergonomica\/","title":{"rendered":"Almofada Ergon\u00f4mica"},"content":{"rendered":"<p>Oferece apoio p\u00e9lvico, alivia a press\u00e3o no assento e  mant\u00e9m a curvatura ideal da espinha lombar.<br \/>\nPode ser utilizada para o maior conforto de cadeirantes.<br \/>\nEspuma visco-el\u00e1stico com mem\u00f3ria de ar.<br \/>\nPossui uma v\u00e1lvula de ar auto-infl\u00e1vel.<br \/>\nCapa em tecido transpirante.<br \/>\nParte inferior anti-derrapante.<br \/>\nA prova d&#8217;\u00e1gua.<br \/>\nCapa e Almofada lav\u00e1veis.<\/p>\n","protected":false},"excerpt":{"rendered":"<p>Oferece apoio p\u00e9lvico, alivia a press\u00e3o no assento e mant\u00e9m a curvatura ideal da espinha lombar. Pode ser utilizada para o maior conforto de cadeirantes. Espuma visco-el\u00e1stico com mem\u00f3ria de ar. Possui uma v\u00e1lvula de ar auto-infl\u00e1vel. Capa em tecido transpirante. Parte inferior anti-derrapante. A prova d&#8217;\u00e1gua. Capa e Almofada lav\u00e1veis.<\/p>\n","protected":false},"featured_media":217,"comment_status":"closed","ping_status":"closed","template":"","meta":[],"_links":{"self":[{"href":"http:\/\/baraoequipamentos.com.br\/barao\/wp-json\/wp\/v2\/product\/216"}],"collection":[{"href":"http:\/\/baraoequipamentos.com.br\/barao\/wp-json\/wp\/v2\/product"}],"about":[{"href":"http:\/\/baraoequipamentos.com.br\/barao\/wp-json\/wp\/v2\/types\/product"}],"replies":[{"embeddable":true,"href":"http:\/\/baraoequipamentos.com.br\/barao\/wp-json\/wp\/v2\/comments?post=216"}],"wp:featuredmedia":[{"embeddable":true,"href":"http:\/\/baraoequipamentos.com.br\/barao\/wp-json\/wp\/v2\/media\/217"}],"wp:attachment":[{"href":"http:\/\/baraoequipamentos.com.br\/barao\/wp-json\/wp\/v2\/media?parent=216"}],"curies":[{"name":"wp","href":"https:\/\/api.w.org\/{rel}","templated":true}]}}

Almofada Ergonômica

<p>Oferece apoio pélvico, alivia a pressão no assento e  mantém a curvatura ideal da espinha lombar.<br />
Pode ser utilizada para o maior conforto de cadeirantes.<br />
Espuma visco-elástico com memória de ar.<br />
Possui uma válvula de ar auto-inflável.<br />
Capa em tecido transpirante.<br />
Parte inferior anti-derrapante.<br />
A prova d&#8217;água.<br />
Capa e Almofada laváveis.</p>

<p>Oferece apoio pélvico, alivia a pressão no assento e mantém a curvatura ideal da espinha lombar. Pode ser utilizada para o maior conforto de cadeirantes. Espuma visco-elástico com memória de ar. Possui uma válvula de ar auto-inflável. Capa em tecido transpirante. Parte inferior anti-derrapante. A prova d&#8217;água. Capa e Almofada laváveis.</p>
