{"id":232,"date":"2018-03-07T19:08:07","date_gmt":"2018-03-07T19:08:07","guid":{"rendered":"http:\/\/baraoequipamentos.com.br\/barao\/?post_type=product&#038;p=232"},"modified":"2018-03-09T17:48:14","modified_gmt":"2018-03-09T17:48:14","slug":"forracao-ortopedica-agua-redonda-caixa-de-ovo","status":"publish","type":"product","link":"http:\/\/baraoequipamentos.com.br\/barao\/produto\/forracao-ortopedica-agua-redonda-caixa-de-ovo\/","title":{"rendered":"Forra\u00e7\u00e3o Ortop\u00e9dica \u00c1gua Redonda Caixa de Ovo"},"content":{"rendered":"<p>MEDIDAS: 44cm di\u00e2metro (Aproximadamente).<br \/>\nCOMPOSI\u00c7\u00c3O: Policloreto de vinila, 100% virgem e at\u00f3xico.<br \/>\nQuantidade d\u2019\u00e1gua: 4 litros (Aproximadamente).<br \/>\nMaior resist\u00eancia, elasticidade e durabilidade.<br \/>\nUtilizando a Forra\u00e7\u00e3o AG corretamente, este produto suporta uma pessoa at\u00e9 130 Kg.<\/p>\n","protected":false},"excerpt":{"rendered":"<p>Maior resist\u00eancia, elasticidade e durabilidade.<\/p>\n","protected":false},"featured_media":233,"comment_status":"closed","ping_status":"closed","template":"","meta":[],"_links":{"self":[{"href":"http:\/\/baraoequipamentos.com.br\/barao\/wp-json\/wp\/v2\/product\/232"}],"collection":[{"href":"http:\/\/baraoequipamentos.com.br\/barao\/wp-json\/wp\/v2\/product"}],"about":[{"href":"http:\/\/baraoequipamentos.com.br\/barao\/wp-json\/wp\/v2\/types\/product"}],"replies":[{"embeddable":true,"href":"http:\/\/baraoequipamentos.com.br\/barao\/wp-json\/wp\/v2\/comments?post=232"}],"wp:featuredmedia":[{"embeddable":true,"href":"http:\/\/baraoequipamentos.com.br\/barao\/wp-json\/wp\/v2\/media\/233"}],"wp:attachment":[{"href":"http:\/\/baraoequipamentos.com.br\/barao\/wp-json\/wp\/v2\/media?parent=232"}],"curies":[{"name":"wp","href":"https:\/\/api.w.org\/{rel}","templated":true}]}}