{"id":234,"date":"2018-03-07T19:10:04","date_gmt":"2018-03-07T19:10:04","guid":{"rendered":"http:\/\/baraoequipamentos.com.br\/barao\/?post_type=product&#038;p=234"},"modified":"2018-03-09T17:48:04","modified_gmt":"2018-03-09T17:48:04","slug":"forracao-ortopedica-estofada-para-cadeira-de-banho","status":"publish","type":"product","link":"http:\/\/baraoequipamentos.com.br\/barao\/produto\/forracao-ortopedica-estofada-para-cadeira-de-banho\/","title":{"rendered":"Forra\u00e7\u00e3o Ortop\u00e9dica Estofada Para Cadeira de Banho"},"content":{"rendered":"<p>S\u00e3o as mais indicadas para pessoas que passam muito tempo sentadas.<br \/>\nUsu\u00e1rios de cadeiras de rodas.<br \/>\nAjuda a evitar o aparecimento de escaras  (feridas).<br \/>\nProporciona excelentes confortos para pacientes em p\u00f3s operat\u00f3rios.<br \/>\nCOMPOSI\u00c7\u00c3O: Policloreto de vinila, 100% virgem e at\u00f3xico.<br \/>\nMaior resist\u00eancia, elasticidade e durabilidade.<br \/>\nUtilizando a Forra\u00e7\u00e3o AG corretamente, este produto suporta uma pessoa at\u00e9 130 Kg.<\/p>\n","protected":false},"excerpt":{"rendered":"<p>S\u00e3o as mais indicadas para pessoas que passam muito tempo sentadas.<br \/>\nUsu\u00e1rios de cadeiras de rodas.<\/p>\n","protected":false},"featured_media":235,"comment_status":"closed","ping_status":"closed","template":"","meta":[],"_links":{"self":[{"href":"http:\/\/baraoequipamentos.com.br\/barao\/wp-json\/wp\/v2\/product\/234"}],"collection":[{"href":"http:\/\/baraoequipamentos.com.br\/barao\/wp-json\/wp\/v2\/product"}],"about":[{"href":"http:\/\/baraoequipamentos.com.br\/barao\/wp-json\/wp\/v2\/types\/product"}],"replies":[{"embeddable":true,"href":"http:\/\/baraoequipamentos.com.br\/barao\/wp-json\/wp\/v2\/comments?post=234"}],"wp:featuredmedia":[{"embeddable":true,"href":"http:\/\/baraoequipamentos.com.br\/barao\/wp-json\/wp\/v2\/media\/235"}],"wp:attachment":[{"href":"http:\/\/baraoequipamentos.com.br\/barao\/wp-json\/wp\/v2\/media?parent=234"}],"curies":[{"name":"wp","href":"https:\/\/api.w.org\/{rel}","templated":true}]}}

Forração Ortopédica Estofada Para Cadeira de Banho

<p>São as mais indicadas para pessoas que passam muito tempo sentadas.<br />
Usuários de cadeiras de rodas.<br />
Ajuda a evitar o aparecimento de escaras  (feridas).<br />
Proporciona excelentes confortos para pacientes em pós operatórios.<br />
COMPOSIÇÃO: Policloreto de vinila, 100% virgem e atóxico.<br />
Maior resistência, elasticidade e durabilidade.<br />
Utilizando a Forração AG corretamente, este produto suporta uma pessoa até 130 Kg.</p>

<p>São as mais indicadas para pessoas que passam muito tempo sentadas.<br />
Usuários de cadeiras de rodas.</p>
