{"id":244,"date":"2018-03-07T19:18:36","date_gmt":"2018-03-07T19:18:36","guid":{"rendered":"http:\/\/baraoequipamentos.com.br\/barao\/?post_type=product&#038;p=244"},"modified":"2018-03-09T17:46:56","modified_gmt":"2018-03-09T17:46:56","slug":"forracao-ortopedica-gel-para-cadeira-de-banho","status":"publish","type":"product","link":"http:\/\/baraoequipamentos.com.br\/barao\/produto\/forracao-ortopedica-gel-para-cadeira-de-banho\/","title":{"rendered":"Forra\u00e7\u00e3o Ortop\u00e9dica Gel Para Cadeira de Banho"},"content":{"rendered":"<p>Medidas: 45cm di\u00e2metro (aproximadamente).<br \/>\nComposi\u00e7\u00e3o: Policloreto de vinila, 100% virgem e at\u00f3xico.<br \/>\nMaior resist\u00eancia, elasticidade e durabilidade.<br \/>\nManta t\u00e9rmica evita o frio ou calor excessivo.<\/p>\n","protected":false},"excerpt":{"rendered":"<p>Maior resist\u00eancia, elasticidade e durabilidade.<\/p>\n","protected":false},"featured_media":245,"comment_status":"closed","ping_status":"closed","template":"","meta":[],"_links":{"self":[{"href":"http:\/\/baraoequipamentos.com.br\/barao\/wp-json\/wp\/v2\/product\/244"}],"collection":[{"href":"http:\/\/baraoequipamentos.com.br\/barao\/wp-json\/wp\/v2\/product"}],"about":[{"href":"http:\/\/baraoequipamentos.com.br\/barao\/wp-json\/wp\/v2\/types\/product"}],"replies":[{"embeddable":true,"href":"http:\/\/baraoequipamentos.com.br\/barao\/wp-json\/wp\/v2\/comments?post=244"}],"wp:featuredmedia":[{"embeddable":true,"href":"http:\/\/baraoequipamentos.com.br\/barao\/wp-json\/wp\/v2\/media\/245"}],"wp:attachment":[{"href":"http:\/\/baraoequipamentos.com.br\/barao\/wp-json\/wp\/v2\/media?parent=244"}],"curies":[{"name":"wp","href":"https:\/\/api.w.org\/{rel}","templated":true}]}}

Forração Ortopédica Gel Para Cadeira de Banho

<p>Medidas: 45cm diâmetro (aproximadamente).<br />
Composição: Policloreto de vinila, 100% virgem e atóxico.<br />
Maior resistência, elasticidade e durabilidade.<br />
Manta térmica evita o frio ou calor excessivo.</p>

<p>Maior resistência, elasticidade e durabilidade.</p>
