{"id":301,"date":"2018-03-08T18:03:51","date_gmt":"2018-03-08T18:03:51","guid":{"rendered":"http:\/\/baraoequipamentos.com.br\/barao\/?post_type=product&#038;p=301"},"modified":"2018-03-09T17:58:59","modified_gmt":"2018-03-09T17:58:59","slug":"andador-de-aluminio-dobravel-com-rodas","status":"publish","type":"product","link":"http:\/\/baraoequipamentos.com.br\/barao\/produto\/andador-de-aluminio-dobravel-com-rodas\/","title":{"rendered":"Andador de Alum\u00ednio dobr\u00e1vel com Rodas"},"content":{"rendered":"<p>Fabricado em alum\u00ednio anodizado espelhado, que n\u00e3o risca e n\u00e3o perde o brilho.<br \/>\nPossui sete n\u00edveis de regulagem de altura e \u00e9 dobr\u00e1vel por um s\u00f3 pino de ajuste.<br \/>\nPode ser utilizado com rodas ou com as ponteiras tradicionais, aumentando as possibilidades de uso.<br \/>\nCor prata.<br \/>\nIndicado para usu\u00e1rio at\u00e9 130 Kg.<\/p>\n","protected":false},"excerpt":{"rendered":"<p>Fabricado em alum\u00ednio anodizado espelhado, que n\u00e3o risca e n\u00e3o perde o brilho.<br \/>\nPossui sete n\u00edveis de regulagem de altura e \u00e9 dobr\u00e1vel por um s\u00f3 pino de ajuste.<\/p>\n","protected":false},"featured_media":302,"comment_status":"closed","ping_status":"closed","template":"","meta":[],"_links":{"self":[{"href":"http:\/\/baraoequipamentos.com.br\/barao\/wp-json\/wp\/v2\/product\/301"}],"collection":[{"href":"http:\/\/baraoequipamentos.com.br\/barao\/wp-json\/wp\/v2\/product"}],"about":[{"href":"http:\/\/baraoequipamentos.com.br\/barao\/wp-json\/wp\/v2\/types\/product"}],"replies":[{"embeddable":true,"href":"http:\/\/baraoequipamentos.com.br\/barao\/wp-json\/wp\/v2\/comments?post=301"}],"wp:featuredmedia":[{"embeddable":true,"href":"http:\/\/baraoequipamentos.com.br\/barao\/wp-json\/wp\/v2\/media\/302"}],"wp:attachment":[{"href":"http:\/\/baraoequipamentos.com.br\/barao\/wp-json\/wp\/v2\/media?parent=301"}],"curies":[{"name":"wp","href":"https:\/\/api.w.org\/{rel}","templated":true}]}}