{"id":309,"date":"2018-03-08T18:16:16","date_gmt":"2018-03-08T18:16:16","guid":{"rendered":"http:\/\/baraoequipamentos.com.br\/barao\/?post_type=product&#038;p=309"},"modified":"2018-03-09T18:03:45","modified_gmt":"2018-03-09T18:03:45","slug":"bengala-4-pontas","status":"publish","type":"product","link":"http:\/\/baraoequipamentos.com.br\/barao\/produto\/bengala-4-pontas\/","title":{"rendered":"Bengala 04 Pontas"},"content":{"rendered":"<p>Produzida em alum\u00ednio e a\u00e7o-carbono regul\u00e1vel na altura.<br \/>\nAltamente resistente<\/p>\n","protected":false},"excerpt":{"rendered":"<p>Produzida em alum\u00ednio e a\u00e7o-carbono regul\u00e1vel na altura.<br \/>\nAltamente resistente<\/p>\n","protected":false},"featured_media":310,"comment_status":"closed","ping_status":"closed","template":"","meta":[],"_links":{"self":[{"href":"http:\/\/baraoequipamentos.com.br\/barao\/wp-json\/wp\/v2\/product\/309"}],"collection":[{"href":"http:\/\/baraoequipamentos.com.br\/barao\/wp-json\/wp\/v2\/product"}],"about":[{"href":"http:\/\/baraoequipamentos.com.br\/barao\/wp-json\/wp\/v2\/types\/product"}],"replies":[{"embeddable":true,"href":"http:\/\/baraoequipamentos.com.br\/barao\/wp-json\/wp\/v2\/comments?post=309"}],"wp:featuredmedia":[{"embeddable":true,"href":"http:\/\/baraoequipamentos.com.br\/barao\/wp-json\/wp\/v2\/media\/310"}],"wp:attachment":[{"href":"http:\/\/baraoequipamentos.com.br\/barao\/wp-json\/wp\/v2\/media?parent=309"}],"curies":[{"name":"wp","href":"https:\/\/api.w.org\/{rel}","templated":true}]}}