{"id":311,"date":"2018-03-08T18:17:28","date_gmt":"2018-03-08T18:17:28","guid":{"rendered":"http:\/\/baraoequipamentos.com.br\/barao\/?post_type=product&#038;p=311"},"modified":"2018-03-09T18:03:40","modified_gmt":"2018-03-09T18:03:40","slug":"bengala-4-pontas-2","status":"publish","type":"product","link":"http:\/\/baraoequipamentos.com.br\/barao\/produto\/bengala-4-pontas-2\/","title":{"rendered":"Bengala 4 Pontas"},"content":{"rendered":"<p>Fabricada em alum\u00ednio anodizado espelhado, que n\u00e3o risca e n\u00e3o perde o brilho, com regulagem na altura.<br \/>\nPonteiras em borracha com pe\u00e7a met\u00e1lica interna para reduzir o desgaste.<br \/>\nTamanho \u00fanico ajust\u00e1vel (indicado para usu\u00e1rios com altura entre 1,50 m a 2,00 m)<br \/>\nIndicado para usu\u00e1rio at\u00e9100 kg.<\/p>\n","protected":false},"excerpt":{"rendered":"<p>Fabricada em alum\u00ednio anodizado espelhado, que n\u00e3o risca e n\u00e3o perde o brilho, com regulagem na altura.<br \/>\nPonteiras em borracha com pe\u00e7a met\u00e1lica interna para reduzir o desgaste.<\/p>\n","protected":false},"featured_media":312,"comment_status":"closed","ping_status":"closed","template":"","meta":[],"_links":{"self":[{"href":"http:\/\/baraoequipamentos.com.br\/barao\/wp-json\/wp\/v2\/product\/311"}],"collection":[{"href":"http:\/\/baraoequipamentos.com.br\/barao\/wp-json\/wp\/v2\/product"}],"about":[{"href":"http:\/\/baraoequipamentos.com.br\/barao\/wp-json\/wp\/v2\/types\/product"}],"replies":[{"embeddable":true,"href":"http:\/\/baraoequipamentos.com.br\/barao\/wp-json\/wp\/v2\/comments?post=311"}],"wp:featuredmedia":[{"embeddable":true,"href":"http:\/\/baraoequipamentos.com.br\/barao\/wp-json\/wp\/v2\/media\/312"}],"wp:attachment":[{"href":"http:\/\/baraoequipamentos.com.br\/barao\/wp-json\/wp\/v2\/media?parent=311"}],"curies":[{"name":"wp","href":"https:\/\/api.w.org\/{rel}","templated":true}]}}