{"id":393,"date":"2018-03-09T19:17:16","date_gmt":"2018-03-09T19:17:16","guid":{"rendered":"http:\/\/baraoequipamentos.com.br\/barao\/?post_type=product&#038;p=393"},"modified":"2018-03-09T20:27:59","modified_gmt":"2018-03-09T20:27:59","slug":"cadeira-de-rodas-avd","status":"publish","type":"product","link":"http:\/\/baraoequipamentos.com.br\/barao\/produto\/cadeira-de-rodas-avd\/","title":{"rendered":"Cadeira de Rodas AVD"},"content":{"rendered":"<p>Pintura ep\u00f3xi.<br \/>\nEstrutura de alum\u00ednio dobr\u00e1vel em \u201cX\u201d<br \/>\nduplo totalmente desmont\u00e1vel.<br \/>\nRodas traseiras raiadas de 24\u201d com<br \/>\npneus infl\u00e1veis e rodas dianteiras de 6\u201d<br \/>\ncom pneus maci\u00e7os.<br \/>\nApoio de p\u00e9s ajust\u00e1vel e desmont\u00e1vel<br \/>\nApoio de bra\u00e7os rebat\u00edvel<br \/>\nIndicado para usu\u00e1rios at\u00e9 120 kg.<br \/>\nOpcionais sob consulta<\/p>\n","protected":false},"excerpt":{"rendered":"<p>Pintura ep\u00f3xi.<br \/>\nEstrutura de alum\u00ednio dobr\u00e1vel em \u201cX\u201d<br \/>\nduplo totalmente desmont\u00e1vel.<br \/>\nRodas traseiras raiadas de 24\u201d com<\/p>\n","protected":false},"featured_media":434,"comment_status":"closed","ping_status":"closed","template":"","meta":[],"_links":{"self":[{"href":"http:\/\/baraoequipamentos.com.br\/barao\/wp-json\/wp\/v2\/product\/393"}],"collection":[{"href":"http:\/\/baraoequipamentos.com.br\/barao\/wp-json\/wp\/v2\/product"}],"about":[{"href":"http:\/\/baraoequipamentos.com.br\/barao\/wp-json\/wp\/v2\/types\/product"}],"replies":[{"embeddable":true,"href":"http:\/\/baraoequipamentos.com.br\/barao\/wp-json\/wp\/v2\/comments?post=393"}],"wp:featuredmedia":[{"embeddable":true,"href":"http:\/\/baraoequipamentos.com.br\/barao\/wp-json\/wp\/v2\/media\/434"}],"wp:attachment":[{"href":"http:\/\/baraoequipamentos.com.br\/barao\/wp-json\/wp\/v2\/media?parent=393"}],"curies":[{"name":"wp","href":"https:\/\/api.w.org\/{rel}","templated":true}]}}