{"id":444,"date":"2018-03-09T20:37:59","date_gmt":"2018-03-09T20:37:59","guid":{"rendered":"http:\/\/baraoequipamentos.com.br\/barao\/?post_type=product&#038;p=444"},"modified":"2018-03-09T20:38:21","modified_gmt":"2018-03-09T20:38:21","slug":"cadeira-de-rodas-lumina","status":"publish","type":"product","link":"http:\/\/baraoequipamentos.com.br\/barao\/produto\/cadeira-de-rodas-lumina\/","title":{"rendered":"Cadeira de Rodas Lumina"},"content":{"rendered":"<p>Estrutura  em duralum\u00ednio tubular totalmente desmont\u00e1vel.<br \/>\nDobr\u00e1vel em \u201cx\u201d.<br \/>\nApoio de bra\u00e7os e suporte de p\u00e9s rebat\u00edveis, destac\u00e1veis, regul\u00e1veis.<br \/>\nRodas traseiras raiadas de 24\u201d com pneus infl\u00e1veis ou maci\u00e7os e  rodas dianteiras 6\u201d com pneus maci\u00e7os ou 7\u2019 com pneus infl\u00e1vel.<br \/>\nEncosto acolchoado e assento com almofada de espuma.<br \/>\nOpcional sob consulta.<\/p>\n","protected":false},"excerpt":{"rendered":"<p>Estrutura  em duralum\u00ednio tubular totalmente desmont\u00e1vel.<br \/>\nDobr\u00e1vel em \u201cx\u201d. <\/p>\n","protected":false},"featured_media":445,"comment_status":"closed","ping_status":"closed","template":"","meta":[],"_links":{"self":[{"href":"http:\/\/baraoequipamentos.com.br\/barao\/wp-json\/wp\/v2\/product\/444"}],"collection":[{"href":"http:\/\/baraoequipamentos.com.br\/barao\/wp-json\/wp\/v2\/product"}],"about":[{"href":"http:\/\/baraoequipamentos.com.br\/barao\/wp-json\/wp\/v2\/types\/product"}],"replies":[{"embeddable":true,"href":"http:\/\/baraoequipamentos.com.br\/barao\/wp-json\/wp\/v2\/comments?post=444"}],"wp:featuredmedia":[{"embeddable":true,"href":"http:\/\/baraoequipamentos.com.br\/barao\/wp-json\/wp\/v2\/media\/445"}],"wp:attachment":[{"href":"http:\/\/baraoequipamentos.com.br\/barao\/wp-json\/wp\/v2\/media?parent=444"}],"curies":[{"name":"wp","href":"https:\/\/api.w.org\/{rel}","templated":true}]}}