{"id":462,"date":"2018-03-12T17:46:16","date_gmt":"2018-03-12T17:46:16","guid":{"rendered":"http:\/\/baraoequipamentos.com.br\/barao\/?post_type=product&#038;p=462"},"modified":"2018-03-12T17:46:16","modified_gmt":"2018-03-12T17:46:16","slug":"cadeira-de-roda-mini-k","status":"publish","type":"product","link":"http:\/\/baraoequipamentos.com.br\/barao\/produto\/cadeira-de-roda-mini-k\/","title":{"rendered":"Cadeira de Roda Mini K"},"content":{"rendered":"<p>Estrutura de alum\u00ednio dobr\u00e1vel em \u201cX\u201d.<br \/>\nEstofamento com ajuste de tens\u00e3o.<br \/>\nRodas desmont\u00e1veis.<br \/>\nApoio de p\u00e9s ajust\u00e1vel e desmont\u00e1vel.<br \/>\nPneus traseiros 20\u2019 nylon maci\u00e7os e dianteiros 5\u2019 maci\u00e7os.<br \/>\nIndicada para usu\u00e1rio at\u00e9 70 kg.<br \/>\nOpcionais sob consulta.<\/p>\n","protected":false},"excerpt":{"rendered":"<p>Estrutura de alum\u00ednio dobr\u00e1vel em \u201cX\u201d.<br \/>\nEstofamento com ajuste de tens\u00e3o.<br \/>\nRodas desmont\u00e1veis.<\/p>\n","protected":false},"featured_media":463,"comment_status":"closed","ping_status":"closed","template":"","meta":[],"_links":{"self":[{"href":"http:\/\/baraoequipamentos.com.br\/barao\/wp-json\/wp\/v2\/product\/462"}],"collection":[{"href":"http:\/\/baraoequipamentos.com.br\/barao\/wp-json\/wp\/v2\/product"}],"about":[{"href":"http:\/\/baraoequipamentos.com.br\/barao\/wp-json\/wp\/v2\/types\/product"}],"replies":[{"embeddable":true,"href":"http:\/\/baraoequipamentos.com.br\/barao\/wp-json\/wp\/v2\/comments?post=462"}],"wp:featuredmedia":[{"embeddable":true,"href":"http:\/\/baraoequipamentos.com.br\/barao\/wp-json\/wp\/v2\/media\/463"}],"wp:attachment":[{"href":"http:\/\/baraoequipamentos.com.br\/barao\/wp-json\/wp\/v2\/media?parent=462"}],"curies":[{"name":"wp","href":"https:\/\/api.w.org\/{rel}","templated":true}]}}

<p>Estrutura de alumínio dobrável em “X”.<br />
Estofamento com ajuste de tensão.<br />
Rodas desmontáveis.<br />
Apoio de pés ajustável e desmontável.<br />
Pneus traseiros 20’ nylon maciços e dianteiros 5’ maciços.<br />
Indicada para usuário até 70 kg.<br />
Opcionais sob consulta.</p>

<p>Estrutura de alumínio dobrável em “X”.<br />
Estofamento com ajuste de tensão.<br />
Rodas desmontáveis.</p>
