{"id":478,"date":"2018-03-12T17:58:29","date_gmt":"2018-03-12T17:58:29","guid":{"rendered":"http:\/\/baraoequipamentos.com.br\/barao\/?post_type=product&#038;p=478"},"modified":"2018-03-12T17:58:29","modified_gmt":"2018-03-12T17:58:29","slug":"cadeira-de-rodas-motorizada-e4","status":"publish","type":"product","link":"http:\/\/baraoequipamentos.com.br\/barao\/produto\/cadeira-de-rodas-motorizada-e4\/","title":{"rendered":"Cadeira de Rodas Motorizada E4"},"content":{"rendered":"<p>Estrutura de alum\u00ednio dobr\u00e1vel em \u201cX\u201d.<br \/>\nBateria desmont\u00e1vel.<br \/>\nApoio de bra\u00e7os e p\u00e9s ajust\u00e1veis e desmont\u00e1veis.<br \/>\nPneus traseiros de 12\u2019 maci\u00e7os e dianteiros maci\u00e7os 200&#215;50.<br \/>\nIndicado para usu\u00e1rios at\u00e9 120 kg.<br \/>\nOpcionais sob consulta.<\/p>\n","protected":false},"excerpt":{"rendered":"<p>Estrutura de alum\u00ednio dobr\u00e1vel em \u201cX\u201d.<br \/>\nBateria desmont\u00e1vel.<br \/>\nApoio de bra\u00e7os e p\u00e9s ajust\u00e1veis e desmont\u00e1veis.<\/p>\n","protected":false},"featured_media":479,"comment_status":"closed","ping_status":"closed","template":"","meta":[],"_links":{"self":[{"href":"http:\/\/baraoequipamentos.com.br\/barao\/wp-json\/wp\/v2\/product\/478"}],"collection":[{"href":"http:\/\/baraoequipamentos.com.br\/barao\/wp-json\/wp\/v2\/product"}],"about":[{"href":"http:\/\/baraoequipamentos.com.br\/barao\/wp-json\/wp\/v2\/types\/product"}],"replies":[{"embeddable":true,"href":"http:\/\/baraoequipamentos.com.br\/barao\/wp-json\/wp\/v2\/comments?post=478"}],"wp:featuredmedia":[{"embeddable":true,"href":"http:\/\/baraoequipamentos.com.br\/barao\/wp-json\/wp\/v2\/media\/479"}],"wp:attachment":[{"href":"http:\/\/baraoequipamentos.com.br\/barao\/wp-json\/wp\/v2\/media?parent=478"}],"curies":[{"name":"wp","href":"https:\/\/api.w.org\/{rel}","templated":true}]}}

<p>Estrutura de alumínio dobrável em “X”.<br />
Bateria desmontável.<br />
Apoio de braços e pés ajustáveis e desmontáveis.<br />
Pneus traseiros de 12’ maciços e dianteiros maciços 200&#215;50.<br />
Indicado para usuários até 120 kg.<br />
Opcionais sob consulta.</p>

<p>Estrutura de alumínio dobrável em “X”.<br />
Bateria desmontável.<br />
Apoio de braços e pés ajustáveis e desmontáveis.</p>
