{"id":480,"date":"2018-03-12T17:59:52","date_gmt":"2018-03-12T17:59:52","guid":{"rendered":"http:\/\/baraoequipamentos.com.br\/barao\/?post_type=product&#038;p=480"},"modified":"2018-03-12T18:05:20","modified_gmt":"2018-03-12T18:05:20","slug":"cadeira-de-rodas-motorizada-lumina","status":"publish","type":"product","link":"http:\/\/baraoequipamentos.com.br\/barao\/produto\/cadeira-de-rodas-motorizada-lumina\/","title":{"rendered":"Cadeira de Rodas Motorizada Lumina"},"content":{"rendered":"<p>Estrutura em duralum\u00ednio nos tamanhos P \/ M \/ G.<br \/>\nRodas traseiras de 20\u2019 com pneus infl\u00e1veis ou maci\u00e7os e rodas dianteiras de 8\u2019 maci\u00e7os ou 7\u2019 infl\u00e1veis.<br \/>\nComando com joystick remoto e drive microprocessado que permite sua instala\u00e7\u00e3o no lado direito, esquerdo ou em qualquer parte da cadeira.<br \/>\nApoio de bra\u00e7os com regulagem.<br \/>\nApoio de p\u00e9s regul\u00e1veis, rebat\u00edveis e destac\u00e1veis.<br \/>\nBaterias e carregador inteligente.<br \/>\nIndicado para usu\u00e1rio at\u00e9 130 kg.<br \/>\nOpcionais sob consulta.<\/p>\n","protected":false},"excerpt":{"rendered":"<p>Estrutura em duralum\u00ednio nos tamanhos P \/ M \/ G.<br \/>\nRodas traseiras de 20\u2019 com pneus infl\u00e1veis ou maci\u00e7os e rodas dianteiras de 8\u2019 maci\u00e7os ou 7\u2019 infl\u00e1veis.<\/p>\n","protected":false},"featured_media":481,"comment_status":"closed","ping_status":"closed","template":"","meta":[],"_links":{"self":[{"href":"http:\/\/baraoequipamentos.com.br\/barao\/wp-json\/wp\/v2\/product\/480"}],"collection":[{"href":"http:\/\/baraoequipamentos.com.br\/barao\/wp-json\/wp\/v2\/product"}],"about":[{"href":"http:\/\/baraoequipamentos.com.br\/barao\/wp-json\/wp\/v2\/types\/product"}],"replies":[{"embeddable":true,"href":"http:\/\/baraoequipamentos.com.br\/barao\/wp-json\/wp\/v2\/comments?post=480"}],"wp:featuredmedia":[{"embeddable":true,"href":"http:\/\/baraoequipamentos.com.br\/barao\/wp-json\/wp\/v2\/media\/481"}],"wp:attachment":[{"href":"http:\/\/baraoequipamentos.com.br\/barao\/wp-json\/wp\/v2\/media?parent=480"}],"curies":[{"name":"wp","href":"https:\/\/api.w.org\/{rel}","templated":true}]}}

<p>Estrutura em duralumínio nos tamanhos P / M / G.<br />
Rodas traseiras de 20’ com pneus infláveis ou maciços e rodas dianteiras de 8’ maciços ou 7’ infláveis.<br />
Comando com joystick remoto e drive microprocessado que permite sua instalação no lado direito, esquerdo ou em qualquer parte da cadeira.<br />
Apoio de braços com regulagem.<br />
Apoio de pés reguláveis, rebatíveis e destacáveis.<br />
Baterias e carregador inteligente.<br />
Indicado para usuário até 130 kg.<br />
Opcionais sob consulta.</p>

<p>Estrutura em duralumínio nos tamanhos P / M / G.<br />
Rodas traseiras de 20’ com pneus infláveis ou maciços e rodas dianteiras de 8’ maciços ou 7’ infláveis.</p>
