{"id":488,"date":"2018-03-12T18:10:24","date_gmt":"2018-03-12T18:10:24","guid":{"rendered":"http:\/\/baraoequipamentos.com.br\/barao\/?post_type=product&#038;p=488"},"modified":"2018-03-12T18:10:24","modified_gmt":"2018-03-12T18:10:24","slug":"cadeira-de-banho-h1-reclinavel","status":"publish","type":"product","link":"http:\/\/baraoequipamentos.com.br\/barao\/produto\/cadeira-de-banho-h1-reclinavel\/","title":{"rendered":"Cadeira de Banho H1 Reclin\u00e1vel"},"content":{"rendered":"<p>Constru\u00edda em alum\u00ednio com pintura ep\u00f3xi dispon\u00edvel somente na cor branca.<br \/>\nEstofamento de encosto imperme\u00e1vel.<br \/>\nQuadro r\u00edgido com inclina\u00e7\u00e3o.<br \/>\nRodas traseiras maci\u00e7as dirig\u00edveis de 6\u2019 com eixo fixo.<br \/>\nRodas dianteiras maci\u00e7as de 6\u2019.<br \/>\nFreios bilaterais.<br \/>\nApoio de bra\u00e7os remov\u00edveis.<br \/>\nApoio de p\u00e9s remov\u00edveis e regul\u00e1veis e \u00e2ngulo  t\u00edbio-t\u00e1rsico.<br \/>\nApoio de cabe\u00e7a remov\u00edvel e regul\u00e1vel.<br \/>\nAssento com abertura frontal.<br \/>\nIndicado para usu\u00e1rios at\u00e9 100 kg.<\/p>\n","protected":false},"excerpt":{"rendered":"<p>Constru\u00edda em alum\u00ednio com pintura ep\u00f3xi dispon\u00edvel somente na cor branca.<br \/>\nEstofamento de encosto imperme\u00e1vel.<br \/>\nQuadro r\u00edgido com inclina\u00e7\u00e3o.<\/p>\n","protected":false},"featured_media":489,"comment_status":"closed","ping_status":"closed","template":"","meta":[],"_links":{"self":[{"href":"http:\/\/baraoequipamentos.com.br\/barao\/wp-json\/wp\/v2\/product\/488"}],"collection":[{"href":"http:\/\/baraoequipamentos.com.br\/barao\/wp-json\/wp\/v2\/product"}],"about":[{"href":"http:\/\/baraoequipamentos.com.br\/barao\/wp-json\/wp\/v2\/types\/product"}],"replies":[{"embeddable":true,"href":"http:\/\/baraoequipamentos.com.br\/barao\/wp-json\/wp\/v2\/comments?post=488"}],"wp:featuredmedia":[{"embeddable":true,"href":"http:\/\/baraoequipamentos.com.br\/barao\/wp-json\/wp\/v2\/media\/489"}],"wp:attachment":[{"href":"http:\/\/baraoequipamentos.com.br\/barao\/wp-json\/wp\/v2\/media?parent=488"}],"curies":[{"name":"wp","href":"https:\/\/api.w.org\/{rel}","templated":true}]}}

Cadeira de Banho H1 Reclinável

<p>Construída em alumínio com pintura epóxi disponível somente na cor branca.<br />
Estofamento de encosto impermeável.<br />
Quadro rígido com inclinação.<br />
Rodas traseiras maciças dirigíveis de 6’ com eixo fixo.<br />
Rodas dianteiras maciças de 6’.<br />
Freios bilaterais.<br />
Apoio de braços removíveis.<br />
Apoio de pés removíveis e reguláveis e ângulo  tíbio-társico.<br />
Apoio de cabeça removível e regulável.<br />
Assento com abertura frontal.<br />
Indicado para usuários até 100 kg.</p>

<p>Construída em alumínio com pintura epóxi disponível somente na cor branca.<br />
Estofamento de encosto impermeável.<br />
Quadro rígido com inclinação.</p>
