{"id":494,"date":"2018-03-12T18:14:09","date_gmt":"2018-03-12T18:14:09","guid":{"rendered":"http:\/\/baraoequipamentos.com.br\/barao\/?post_type=product&#038;p=494"},"modified":"2018-03-12T18:14:09","modified_gmt":"2018-03-12T18:14:09","slug":"cadeira-de-rodas-para-higienizacao-fixa-aluminio-praxis","status":"publish","type":"product","link":"http:\/\/baraoequipamentos.com.br\/barao\/produto\/cadeira-de-rodas-para-higienizacao-fixa-aluminio-praxis\/","title":{"rendered":"Cadeira de Rodas Para Higieniza\u00e7\u00e3o Fixa Alum\u00ednio &#8211; Praxis"},"content":{"rendered":"<p>Estrutura em alum\u00ednio.<br \/>\nAssento e tampa em pl\u00e1stico refor\u00e7ado.<br \/>\nAltura do assento 52 cm.<br \/>\n4 rod\u00edzios girat\u00f3rios.<br \/>\nFreio nas rodas traseiras.<br \/>\nBalde com tampa<\/p>\n","protected":false},"excerpt":{"rendered":"<p>Estrutura em alum\u00ednio.<br \/>\nAssento e tampa em pl\u00e1stico refor\u00e7ado.<br \/>\nAltura do assento 52 cm.<\/p>\n","protected":false},"featured_media":495,"comment_status":"closed","ping_status":"closed","template":"","meta":[],"_links":{"self":[{"href":"http:\/\/baraoequipamentos.com.br\/barao\/wp-json\/wp\/v2\/product\/494"}],"collection":[{"href":"http:\/\/baraoequipamentos.com.br\/barao\/wp-json\/wp\/v2\/product"}],"about":[{"href":"http:\/\/baraoequipamentos.com.br\/barao\/wp-json\/wp\/v2\/types\/product"}],"replies":[{"embeddable":true,"href":"http:\/\/baraoequipamentos.com.br\/barao\/wp-json\/wp\/v2\/comments?post=494"}],"wp:featuredmedia":[{"embeddable":true,"href":"http:\/\/baraoequipamentos.com.br\/barao\/wp-json\/wp\/v2\/media\/495"}],"wp:attachment":[{"href":"http:\/\/baraoequipamentos.com.br\/barao\/wp-json\/wp\/v2\/media?parent=494"}],"curies":[{"name":"wp","href":"https:\/\/api.w.org\/{rel}","templated":true}]}}

Cadeira de Rodas Para Higienização Fixa Alumínio &#8211; Praxis

<p>Estrutura em alumínio.<br />
Assento e tampa em plástico reforçado.<br />
Altura do assento 52 cm.<br />
4 rodízios giratórios.<br />
Freio nas rodas traseiras.<br />
Balde com tampa</p>

<p>Estrutura em alumínio.<br />
Assento e tampa em plástico reforçado.<br />
Altura do assento 52 cm.</p>
