{"id":496,"date":"2018-03-12T18:16:05","date_gmt":"2018-03-12T18:16:05","guid":{"rendered":"http:\/\/baraoequipamentos.com.br\/barao\/?post_type=product&#038;p=496"},"modified":"2018-03-12T18:16:06","modified_gmt":"2018-03-12T18:16:06","slug":"cadeira-de-banho-e-higienizacao-dobravel-aluminio-com-coletor-comfort-e-tampa-a-cmf302-w-praxis","status":"publish","type":"product","link":"http:\/\/baraoequipamentos.com.br\/barao\/produto\/cadeira-de-banho-e-higienizacao-dobravel-aluminio-com-coletor-comfort-e-tampa-a-cmf302-w-praxis\/","title":{"rendered":"Cadeira de Banho e Higieniza\u00e7\u00e3o Dobr\u00e1vel Alum\u00ednio com Coletor Comfort e Tampa A-CMF302-W &#8211; Praxis"},"content":{"rendered":"<p>Cadeira de banho com estrutura dobr\u00e1vel em alum\u00ednio.<br \/>\nAssento e tampa em pl\u00e1stico refor\u00e7ado.<br \/>\nBalde coletor com tampa.<br \/>\n4 rod\u00edzios girat\u00f3rios.<br \/>\nFreios nas rodas traseiras.<br \/>\nCapacidade: 100kg<\/p>\n","protected":false},"excerpt":{"rendered":"<p>Cadeira de banho com estrutura dobr\u00e1vel em alum\u00ednio.<br \/>\nAssento e tampa em pl\u00e1stico refor\u00e7ado.<br \/>\nBalde coletor com tampa.<\/p>\n","protected":false},"featured_media":497,"comment_status":"closed","ping_status":"closed","template":"","meta":[],"_links":{"self":[{"href":"http:\/\/baraoequipamentos.com.br\/barao\/wp-json\/wp\/v2\/product\/496"}],"collection":[{"href":"http:\/\/baraoequipamentos.com.br\/barao\/wp-json\/wp\/v2\/product"}],"about":[{"href":"http:\/\/baraoequipamentos.com.br\/barao\/wp-json\/wp\/v2\/types\/product"}],"replies":[{"embeddable":true,"href":"http:\/\/baraoequipamentos.com.br\/barao\/wp-json\/wp\/v2\/comments?post=496"}],"wp:featuredmedia":[{"embeddable":true,"href":"http:\/\/baraoequipamentos.com.br\/barao\/wp-json\/wp\/v2\/media\/497"}],"wp:attachment":[{"href":"http:\/\/baraoequipamentos.com.br\/barao\/wp-json\/wp\/v2\/media?parent=496"}],"curies":[{"name":"wp","href":"https:\/\/api.w.org\/{rel}","templated":true}]}}

Cadeira de Banho e Higienização Dobrável Alumínio com Coletor Comfort e Tampa A-CMF302-W &#8211; Praxis

<p>Cadeira de banho com estrutura dobrável em alumínio.<br />
Assento e tampa em plástico reforçado.<br />
Balde coletor com tampa.<br />
4 rodízios giratórios.<br />
Freios nas rodas traseiras.<br />
Capacidade: 100kg</p>

<p>Cadeira de banho com estrutura dobrável em alumínio.<br />
Assento e tampa em plástico reforçado.<br />
Balde coletor com tampa.</p>
