{"id":504,"date":"2018-03-12T18:46:14","date_gmt":"2018-03-12T18:46:14","guid":{"rendered":"http:\/\/baraoequipamentos.com.br\/barao\/?post_type=product&#038;p=504"},"modified":"2018-03-12T18:46:14","modified_gmt":"2018-03-12T18:46:14","slug":"almofada-para-abducao-q","status":"publish","type":"product","link":"http:\/\/baraoequipamentos.com.br\/barao\/produto\/almofada-para-abducao-q\/","title":{"rendered":"Almofada Para Abdu\u00e7\u00e3o q"},"content":{"rendered":"<p>Para preven\u00e7\u00e3o das les\u00f5es de pele causadas por press\u00e3o constante.<br \/>\nIdeal durante longas cirurgias e recupera\u00e7\u00f5es.<br \/>\nPosicionamento dos M.I, em p\u00f3s-cirurgia de artroplastia de quadril.<br \/>\nEspuma com perfil especialmente desenhado para distribuir o peso e posicionamento.<br \/>\nFechos aderentes.<\/p>\n","protected":false},"excerpt":{"rendered":"<p>Para preven\u00e7\u00e3o das les\u00f5es de pele causadas por press\u00e3o constante.<br \/>\nIdeal durante longas cirurgias e recupera\u00e7\u00f5es.<\/p>\n","protected":false},"featured_media":505,"comment_status":"closed","ping_status":"closed","template":"","meta":[],"_links":{"self":[{"href":"http:\/\/baraoequipamentos.com.br\/barao\/wp-json\/wp\/v2\/product\/504"}],"collection":[{"href":"http:\/\/baraoequipamentos.com.br\/barao\/wp-json\/wp\/v2\/product"}],"about":[{"href":"http:\/\/baraoequipamentos.com.br\/barao\/wp-json\/wp\/v2\/types\/product"}],"replies":[{"embeddable":true,"href":"http:\/\/baraoequipamentos.com.br\/barao\/wp-json\/wp\/v2\/comments?post=504"}],"wp:featuredmedia":[{"embeddable":true,"href":"http:\/\/baraoequipamentos.com.br\/barao\/wp-json\/wp\/v2\/media\/505"}],"wp:attachment":[{"href":"http:\/\/baraoequipamentos.com.br\/barao\/wp-json\/wp\/v2\/media?parent=504"}],"curies":[{"name":"wp","href":"https:\/\/api.w.org\/{rel}","templated":true}]}}