{"id":534,"date":"2018-03-12T19:09:09","date_gmt":"2018-03-12T19:09:09","guid":{"rendered":"http:\/\/baraoequipamentos.com.br\/barao\/?post_type=product&#038;p=534"},"modified":"2018-03-12T19:09:09","modified_gmt":"2018-03-12T19:09:09","slug":"estetoscopio-rappaport","status":"publish","type":"product","link":"http:\/\/baraoequipamentos.com.br\/barao\/produto\/estetoscopio-rappaport\/","title":{"rendered":"Estetosc\u00f3pio Rappaport"},"content":{"rendered":"<p>O Estetosc\u00f3pio  Rappaport  \u00e9 utilizado em auscultas card\u00edacas e pulmonares.<br \/>\nSeu corpo colorido \u00e9 composto por PVC flex\u00edvel e seu auscultador \u00e9 em a\u00e7o inox.<\/p>\n","protected":false},"excerpt":{"rendered":"<p>O Estetosc\u00f3pio  Rappaport  \u00e9 utilizado em auscultas card\u00edacas e pulmonares.<\/p>\n","protected":false},"featured_media":535,"comment_status":"closed","ping_status":"closed","template":"","meta":[],"_links":{"self":[{"href":"http:\/\/baraoequipamentos.com.br\/barao\/wp-json\/wp\/v2\/product\/534"}],"collection":[{"href":"http:\/\/baraoequipamentos.com.br\/barao\/wp-json\/wp\/v2\/product"}],"about":[{"href":"http:\/\/baraoequipamentos.com.br\/barao\/wp-json\/wp\/v2\/types\/product"}],"replies":[{"embeddable":true,"href":"http:\/\/baraoequipamentos.com.br\/barao\/wp-json\/wp\/v2\/comments?post=534"}],"wp:featuredmedia":[{"embeddable":true,"href":"http:\/\/baraoequipamentos.com.br\/barao\/wp-json\/wp\/v2\/media\/535"}],"wp:attachment":[{"href":"http:\/\/baraoequipamentos.com.br\/barao\/wp-json\/wp\/v2\/media?parent=534"}],"curies":[{"name":"wp","href":"https:\/\/api.w.org\/{rel}","templated":true}]}}