{"id":575,"date":"2018-03-15T17:39:03","date_gmt":"2018-03-15T17:39:03","guid":{"rendered":"http:\/\/baraoequipamentos.com.br\/barao\/?post_type=product&#038;p=575"},"modified":"2018-03-15T17:39:03","modified_gmt":"2018-03-15T17:39:03","slug":"cinta-high-tech","status":"publish","type":"product","link":"http:\/\/baraoequipamentos.com.br\/barao\/produto\/cinta-high-tech\/","title":{"rendered":"Cinta High Tech"},"content":{"rendered":"<p>As cintas lombares e abdominais est\u00e3o cada vez mais populares.<br \/>\nCom uma f\u00e1cil regulagem de compress\u00e3o e com tala r\u00edgida na lombar.<br \/>\nTecido permite a transpira\u00e7\u00e3o.<br \/>\nFacilidade de aplica\u00e7\u00e3o da compreens\u00e3o.<br \/>\nDesign diferenciado.<br \/>\nEstabiliza\u00e7\u00e3o.<\/p>\n","protected":false},"excerpt":{"rendered":"<p>As cintas lombares e abdominais est\u00e3o cada vez mais populares.<br \/>\nCom uma f\u00e1cil regulagem de compress\u00e3o e com tala r\u00edgida na lombar.<\/p>\n","protected":false},"featured_media":576,"comment_status":"closed","ping_status":"closed","template":"","meta":[],"_links":{"self":[{"href":"http:\/\/baraoequipamentos.com.br\/barao\/wp-json\/wp\/v2\/product\/575"}],"collection":[{"href":"http:\/\/baraoequipamentos.com.br\/barao\/wp-json\/wp\/v2\/product"}],"about":[{"href":"http:\/\/baraoequipamentos.com.br\/barao\/wp-json\/wp\/v2\/types\/product"}],"replies":[{"embeddable":true,"href":"http:\/\/baraoequipamentos.com.br\/barao\/wp-json\/wp\/v2\/comments?post=575"}],"wp:featuredmedia":[{"embeddable":true,"href":"http:\/\/baraoequipamentos.com.br\/barao\/wp-json\/wp\/v2\/media\/576"}],"wp:attachment":[{"href":"http:\/\/baraoequipamentos.com.br\/barao\/wp-json\/wp\/v2\/media?parent=575"}],"curies":[{"name":"wp","href":"https:\/\/api.w.org\/{rel}","templated":true}]}}