{"id":591,"date":"2018-03-15T17:54:23","date_gmt":"2018-03-15T17:54:23","guid":{"rendered":"http:\/\/baraoequipamentos.com.br\/barao\/?post_type=product&#038;p=591"},"modified":"2018-03-15T17:54:24","modified_gmt":"2018-03-15T17:54:24","slug":"ortese-imbobiliador-de-dedos","status":"publish","type":"product","link":"http:\/\/baraoequipamentos.com.br\/barao\/produto\/ortese-imbobiliador-de-dedos\/","title":{"rendered":"\u00d3rtese Imbobiliador de Dedos"},"content":{"rendered":"<p>Possui tala interna e pode ser usada na m\u00e3o direita ou esquerda e em todos os dedos, com exce\u00e7\u00e3o do polegar.<\/p>\n","protected":false},"excerpt":{"rendered":"<p>Possui tala interna e pode ser usada na m\u00e3o direita ou esquerda e em todos os dedos, com exce\u00e7\u00e3o do polegar.<\/p>\n","protected":false},"featured_media":592,"comment_status":"closed","ping_status":"closed","template":"","meta":[],"_links":{"self":[{"href":"http:\/\/baraoequipamentos.com.br\/barao\/wp-json\/wp\/v2\/product\/591"}],"collection":[{"href":"http:\/\/baraoequipamentos.com.br\/barao\/wp-json\/wp\/v2\/product"}],"about":[{"href":"http:\/\/baraoequipamentos.com.br\/barao\/wp-json\/wp\/v2\/types\/product"}],"replies":[{"embeddable":true,"href":"http:\/\/baraoequipamentos.com.br\/barao\/wp-json\/wp\/v2\/comments?post=591"}],"wp:featuredmedia":[{"embeddable":true,"href":"http:\/\/baraoequipamentos.com.br\/barao\/wp-json\/wp\/v2\/media\/592"}],"wp:attachment":[{"href":"http:\/\/baraoequipamentos.com.br\/barao\/wp-json\/wp\/v2\/media?parent=591"}],"curies":[{"name":"wp","href":"https:\/\/api.w.org\/{rel}","templated":true}]}}