{"id":610,"date":"2018-03-15T18:14:10","date_gmt":"2018-03-15T18:14:10","guid":{"rendered":"http:\/\/baraoequipamentos.com.br\/barao\/?post_type=product&#038;p=610"},"modified":"2018-03-15T18:14:11","modified_gmt":"2018-03-15T18:14:11","slug":"faixa-elastica-para-exercicio","status":"publish","type":"product","link":"http:\/\/baraoequipamentos.com.br\/barao\/produto\/faixa-elastica-para-exercicio\/","title":{"rendered":"Faixa El\u00e1stica para Exerc\u00edcio"},"content":{"rendered":"<p>As Faixas El\u00e1sticas para Exerc\u00edcios foram desenvolvidas para auxiliar a reabilita\u00e7\u00e3o ou condicionamento f\u00edsico e o fortalecimento muscular e articular.<br \/>\nCom elas, voc\u00ea pode praticar atividades f\u00edsicas completas nos mais diversos ambientes de forma f\u00e1cil e segura.<br \/>\nUm diferencial \u00e9 a apresenta\u00e7\u00e3o individual em 2 metros, comprimento pensado para permitir exercitar o corpo por inteiro, ou seja, realizar atividades com membros superiores e inferiores com a mesma Faixa e por pessoas com estaturas diferentes.<\/p>\n","protected":false},"excerpt":{"rendered":"<p>As Faixas El\u00e1sticas para Exerc\u00edcios foram desenvolvidas para auxiliar a reabilita\u00e7\u00e3o ou condicionamento f\u00edsico e o fortalecimento muscular e articular. <\/p>\n","protected":false},"featured_media":611,"comment_status":"closed","ping_status":"closed","template":"","meta":[],"_links":{"self":[{"href":"http:\/\/baraoequipamentos.com.br\/barao\/wp-json\/wp\/v2\/product\/610"}],"collection":[{"href":"http:\/\/baraoequipamentos.com.br\/barao\/wp-json\/wp\/v2\/product"}],"about":[{"href":"http:\/\/baraoequipamentos.com.br\/barao\/wp-json\/wp\/v2\/types\/product"}],"replies":[{"embeddable":true,"href":"http:\/\/baraoequipamentos.com.br\/barao\/wp-json\/wp\/v2\/comments?post=610"}],"wp:featuredmedia":[{"embeddable":true,"href":"http:\/\/baraoequipamentos.com.br\/barao\/wp-json\/wp\/v2\/media\/611"}],"wp:attachment":[{"href":"http:\/\/baraoequipamentos.com.br\/barao\/wp-json\/wp\/v2\/media?parent=610"}],"curies":[{"name":"wp","href":"https:\/\/api.w.org\/{rel}","templated":true}]}}