{"id":620,"date":"2018-03-15T19:06:40","date_gmt":"2018-03-15T19:06:40","guid":{"rendered":"http:\/\/baraoequipamentos.com.br\/barao\/?post_type=product&#038;p=620"},"modified":"2018-03-15T19:06:40","modified_gmt":"2018-03-15T19:06:40","slug":"joelheira-com-reforco-patelar-ajustavel","status":"publish","type":"product","link":"http:\/\/baraoequipamentos.com.br\/barao\/produto\/joelheira-com-reforco-patelar-ajustavel\/","title":{"rendered":"Joelheira com Refor\u00e7o Patelar Ajust\u00e1vel"},"content":{"rendered":"<p>A joelheira articulada ajust\u00e1vel oferece compress\u00e3o e maior estabilidade ao joelho.<br \/>\nAs duas articula\u00e7\u00f5es com trava oferecem refor\u00e7o extra, prevenindo a hiperextens\u00e3o e evitando a lateraliza\u00e7\u00e3o dos movimentos, permitindo a extens\u00e3o e a flex\u00e3o.<br \/>\nA compress\u00e3o pode ser ajustada conforme a necessidade. <\/p>\n","protected":false},"excerpt":{"rendered":"<p>A joelheira articulada ajust\u00e1vel oferece compress\u00e3o e maior estabilidade ao joelho. <\/p>\n","protected":false},"featured_media":621,"comment_status":"closed","ping_status":"closed","template":"","meta":[],"_links":{"self":[{"href":"http:\/\/baraoequipamentos.com.br\/barao\/wp-json\/wp\/v2\/product\/620"}],"collection":[{"href":"http:\/\/baraoequipamentos.com.br\/barao\/wp-json\/wp\/v2\/product"}],"about":[{"href":"http:\/\/baraoequipamentos.com.br\/barao\/wp-json\/wp\/v2\/types\/product"}],"replies":[{"embeddable":true,"href":"http:\/\/baraoequipamentos.com.br\/barao\/wp-json\/wp\/v2\/comments?post=620"}],"wp:featuredmedia":[{"embeddable":true,"href":"http:\/\/baraoequipamentos.com.br\/barao\/wp-json\/wp\/v2\/media\/621"}],"wp:attachment":[{"href":"http:\/\/baraoequipamentos.com.br\/barao\/wp-json\/wp\/v2\/media?parent=620"}],"curies":[{"name":"wp","href":"https:\/\/api.w.org\/{rel}","templated":true}]}}