{"id":650,"date":"2018-03-29T19:06:33","date_gmt":"2018-03-29T19:06:33","guid":{"rendered":"http:\/\/baraoequipamentos.com.br\/barao\/?post_type=product&#038;p=650"},"modified":"2018-03-29T19:06:33","modified_gmt":"2018-03-29T19:06:33","slug":"coloracao-sensicolor-varias-cores","status":"publish","type":"product","link":"http:\/\/baraoequipamentos.com.br\/barao\/produto\/coloracao-sensicolor-varias-cores\/","title":{"rendered":"Colora\u00e7\u00e3o Sensicolor (V\u00e1rias Cores)"},"content":{"rendered":"<p>Colora\u00e7\u00e3o Sensicolor (V\u00e1rias Cores)<\/p>\n","protected":false},"excerpt":{"rendered":"<p>Colora\u00e7\u00e3o Sensicolor (V\u00e1rias Cores)<\/p>\n","protected":false},"featured_media":651,"comment_status":"closed","ping_status":"closed","template":"","meta":[],"_links":{"self":[{"href":"http:\/\/baraoequipamentos.com.br\/barao\/wp-json\/wp\/v2\/product\/650"}],"collection":[{"href":"http:\/\/baraoequipamentos.com.br\/barao\/wp-json\/wp\/v2\/product"}],"about":[{"href":"http:\/\/baraoequipamentos.com.br\/barao\/wp-json\/wp\/v2\/types\/product"}],"replies":[{"embeddable":true,"href":"http:\/\/baraoequipamentos.com.br\/barao\/wp-json\/wp\/v2\/comments?post=650"}],"wp:featuredmedia":[{"embeddable":true,"href":"http:\/\/baraoequipamentos.com.br\/barao\/wp-json\/wp\/v2\/media\/651"}],"wp:attachment":[{"href":"http:\/\/baraoequipamentos.com.br\/barao\/wp-json\/wp\/v2\/media?parent=650"}],"curies":[{"name":"wp","href":"https:\/\/api.w.org\/{rel}","templated":true}]}}