{"id":669,"date":"2018-03-29T19:40:06","date_gmt":"2018-03-29T19:40:06","guid":{"rendered":"http:\/\/baraoequipamentos.com.br\/barao\/?post_type=product&#038;p=669"},"modified":"2018-03-29T19:42:53","modified_gmt":"2018-03-29T19:42:53","slug":"assento-sanitario-basico-sem-tampa-para-cadeira-de-banho-ou-almofadado","status":"publish","type":"product","link":"http:\/\/baraoequipamentos.com.br\/barao\/produto\/assento-sanitario-basico-sem-tampa-para-cadeira-de-banho-ou-almofadado\/","title":{"rendered":"Assento Sanit\u00e1rio B\u00e1sico Sem Tampa Para Cadeira de Banho Ou Almofadado"},"content":{"rendered":"<p>S\u00e3o confeccionados com mat\u00e9ria-prima nova, at\u00f3xica e de proced\u00eancia, o que garante melhor acabamento e maior durabilidade.<br \/>\nRegul\u00e1veis a todos os vasos. convencionais.<br \/>\nConfeccionados em pl\u00e1stico soprado, at\u00f3xico, de proced\u00eancia, que garantem melhor acabamento e qualidade ao produto. De f\u00e1cil instala\u00e7\u00e3o.<\/p>\n","protected":false},"excerpt":{"rendered":"<p>S\u00e3o confeccionados com mat\u00e9ria-prima nova, at\u00f3xica e de proced\u00eancia, o que garante melhor acabamento e maior durabilidade. <\/p>\n","protected":false},"featured_media":668,"comment_status":"closed","ping_status":"closed","template":"","meta":[],"_links":{"self":[{"href":"http:\/\/baraoequipamentos.com.br\/barao\/wp-json\/wp\/v2\/product\/669"}],"collection":[{"href":"http:\/\/baraoequipamentos.com.br\/barao\/wp-json\/wp\/v2\/product"}],"about":[{"href":"http:\/\/baraoequipamentos.com.br\/barao\/wp-json\/wp\/v2\/types\/product"}],"replies":[{"embeddable":true,"href":"http:\/\/baraoequipamentos.com.br\/barao\/wp-json\/wp\/v2\/comments?post=669"}],"wp:featuredmedia":[{"embeddable":true,"href":"http:\/\/baraoequipamentos.com.br\/barao\/wp-json\/wp\/v2\/media\/668"}],"wp:attachment":[{"href":"http:\/\/baraoequipamentos.com.br\/barao\/wp-json\/wp\/v2\/media?parent=669"}],"curies":[{"name":"wp","href":"https:\/\/api.w.org\/{rel}","templated":true}]}}

Assento Sanitário Básico Sem Tampa Para Cadeira de Banho Ou Almofadado

<p>São confeccionados com matéria-prima nova, atóxica e de procedência, o que garante melhor acabamento e maior durabilidade.<br />
Reguláveis a todos os vasos. convencionais.<br />
Confeccionados em plástico soprado, atóxico, de procedência, que garantem melhor acabamento e qualidade ao produto. De fácil instalação.</p>

<p>São confeccionados com matéria-prima nova, atóxica e de procedência, o que garante melhor acabamento e maior durabilidade. </p>
