{"id":677,"date":"2018-03-29T20:28:40","date_gmt":"2018-03-29T20:28:40","guid":{"rendered":"http:\/\/baraoequipamentos.com.br\/barao\/?post_type=product&#038;p=677"},"modified":"2018-03-29T20:28:40","modified_gmt":"2018-03-29T20:28:40","slug":"elevacao-de-assento-sanitario-sem-tampa-sit-iv","status":"publish","type":"product","link":"http:\/\/baraoequipamentos.com.br\/barao\/produto\/elevacao-de-assento-sanitario-sem-tampa-sit-iv\/","title":{"rendered":"Eleva\u00e7\u00e3o de Assento Sanit\u00e1rio sem Tampa \u2013 SIT IV"},"content":{"rendered":"<p>Adapt\u00e1vel a maioria das bacias sanit\u00e1rias convencionais, podendo ser utilizado tanto no ambiente dom\u00e9stico como em hospitais, cl\u00ednicas, restaurantes, hot\u00e9is, etc<br \/>\nEleva\u00e7\u00e3o de bacias sanit\u00e1rias para uso por pessoas com necessidades especiais.<br \/>\nConfeccionado em pl\u00e1stico de alta resist\u00eancia mec\u00e2nica.Suporta at\u00e9 130 Kg.<\/p>\n","protected":false},"excerpt":{"rendered":"<p>Adapt\u00e1vel a maioria das bacias sanit\u00e1rias convencionais, podendo ser utilizado tanto no ambiente dom\u00e9stico como em hospitais, cl\u00ednicas, restaurantes, hot\u00e9is, etc<\/p>\n","protected":false},"featured_media":678,"comment_status":"closed","ping_status":"closed","template":"","meta":[],"_links":{"self":[{"href":"http:\/\/baraoequipamentos.com.br\/barao\/wp-json\/wp\/v2\/product\/677"}],"collection":[{"href":"http:\/\/baraoequipamentos.com.br\/barao\/wp-json\/wp\/v2\/product"}],"about":[{"href":"http:\/\/baraoequipamentos.com.br\/barao\/wp-json\/wp\/v2\/types\/product"}],"replies":[{"embeddable":true,"href":"http:\/\/baraoequipamentos.com.br\/barao\/wp-json\/wp\/v2\/comments?post=677"}],"wp:featuredmedia":[{"embeddable":true,"href":"http:\/\/baraoequipamentos.com.br\/barao\/wp-json\/wp\/v2\/media\/678"}],"wp:attachment":[{"href":"http:\/\/baraoequipamentos.com.br\/barao\/wp-json\/wp\/v2\/media?parent=677"}],"curies":[{"name":"wp","href":"https:\/\/api.w.org\/{rel}","templated":true}]}}