{"id":683,"date":"2018-03-29T20:33:37","date_gmt":"2018-03-29T20:33:37","guid":{"rendered":"http:\/\/baraoequipamentos.com.br\/barao\/?post_type=product&#038;p=683"},"modified":"2018-03-29T20:33:37","modified_gmt":"2018-03-29T20:33:37","slug":"assento-para-box-dobravel-st-box-vi","status":"publish","type":"product","link":"http:\/\/baraoequipamentos.com.br\/barao\/produto\/assento-para-box-dobravel-st-box-vi\/","title":{"rendered":"Assento para Box Dobr\u00e1vel \u2013 ST BOX VI"},"content":{"rendered":"<p>Estrutura em alum\u00ednio com pintura eletrost\u00e1tica.<br \/>\nHaste para apoio no solo retr\u00e1til.<br \/>\nSeguro e de f\u00e1cil fixa\u00e7\u00e3o diretamente na parede do box de banho.<br \/>\nAssento retr\u00e1til, ocupando pouco espa\u00e7o.<br \/>\nAssento e apoio de parede em pl\u00e1stico de alta resist\u00eancia.<br \/>\nAbertura frontal para facilitar higiene. <\/p>\n","protected":false},"excerpt":{"rendered":"<p>Estrutura em alum\u00ednio com pintura eletrost\u00e1tica. <\/p>\n","protected":false},"featured_media":684,"comment_status":"closed","ping_status":"closed","template":"","meta":[],"_links":{"self":[{"href":"http:\/\/baraoequipamentos.com.br\/barao\/wp-json\/wp\/v2\/product\/683"}],"collection":[{"href":"http:\/\/baraoequipamentos.com.br\/barao\/wp-json\/wp\/v2\/product"}],"about":[{"href":"http:\/\/baraoequipamentos.com.br\/barao\/wp-json\/wp\/v2\/types\/product"}],"replies":[{"embeddable":true,"href":"http:\/\/baraoequipamentos.com.br\/barao\/wp-json\/wp\/v2\/comments?post=683"}],"wp:featuredmedia":[{"embeddable":true,"href":"http:\/\/baraoequipamentos.com.br\/barao\/wp-json\/wp\/v2\/media\/684"}],"wp:attachment":[{"href":"http:\/\/baraoequipamentos.com.br\/barao\/wp-json\/wp\/v2\/media?parent=683"}],"curies":[{"name":"wp","href":"https:\/\/api.w.org\/{rel}","templated":true}]}}

Assento para Box Dobrável – ST BOX VI

<p>Estrutura em alumínio com pintura eletrostática.<br />
Haste para apoio no solo retrátil.<br />
Seguro e de fácil fixação diretamente na parede do box de banho.<br />
Assento retrátil, ocupando pouco espaço.<br />
Assento e apoio de parede em plástico de alta resistência.<br />
Abertura frontal para facilitar higiene. </p>

<p>Estrutura em alumínio com pintura eletrostática. </p>
