{"id":699,"date":"2018-03-29T20:42:26","date_gmt":"2018-03-29T20:42:26","guid":{"rendered":"http:\/\/baraoequipamentos.com.br\/barao\/?post_type=product&#038;p=699"},"modified":"2018-03-29T20:42:26","modified_gmt":"2018-03-29T20:42:26","slug":"papagaio-plastico","status":"publish","type":"product","link":"http:\/\/baraoequipamentos.com.br\/barao\/produto\/papagaio-plastico\/","title":{"rendered":"Papagaio Pl\u00e1stico"},"content":{"rendered":"<p>O papagaio pl\u00e1stico \u00e9 indicado para clientes acamados, em p\u00f3s-operat\u00f3rio imediato ou em casos de coleta de material para exames.<\/p>\n","protected":false},"excerpt":{"rendered":"<p>O papagaio pl\u00e1stico \u00e9 indicado para clientes acamados.<\/p>\n","protected":false},"featured_media":700,"comment_status":"closed","ping_status":"closed","template":"","meta":[],"_links":{"self":[{"href":"http:\/\/baraoequipamentos.com.br\/barao\/wp-json\/wp\/v2\/product\/699"}],"collection":[{"href":"http:\/\/baraoequipamentos.com.br\/barao\/wp-json\/wp\/v2\/product"}],"about":[{"href":"http:\/\/baraoequipamentos.com.br\/barao\/wp-json\/wp\/v2\/types\/product"}],"replies":[{"embeddable":true,"href":"http:\/\/baraoequipamentos.com.br\/barao\/wp-json\/wp\/v2\/comments?post=699"}],"wp:featuredmedia":[{"embeddable":true,"href":"http:\/\/baraoequipamentos.com.br\/barao\/wp-json\/wp\/v2\/media\/700"}],"wp:attachment":[{"href":"http:\/\/baraoequipamentos.com.br\/barao\/wp-json\/wp\/v2\/media?parent=699"}],"curies":[{"name":"wp","href":"https:\/\/api.w.org\/{rel}","templated":true}]}}